nits digit of a*2/4*-1?
1
Suppose 4 + 152 = 3*v. What is the units digit of v?
2
Let y(h) = h**2 - 1. Let v be y(-2). Suppose 0 = -8*q + 3*q + 10. Suppose q*g + 4*p - 23 = -5, v = -5*g + 2*p. What is the units digit of g?
1
What is the units digit of (-7 + 5)/((-2)/12)?
2
Let t be -3*(-3)/(9/(-38)). Let v = -25 - t. What is the units digit of v?
3
Suppose -5*u - 10 = 5. Let q = 13 + u. What is the tens digit of q?
1
Suppose -8*m = -140 - 228. What is the units digit of m?
6
Suppose 0*k - 6 = 3*k, c + 14 = k. Let z(q) = q**2 - 7*q. Let s be z(6). What is the units digit of (1 + c)*8/s?
0
Suppose -5 = 2*j - 47. Let t = j - 12. What is the units digit of t?
9
Let r(l) = -l**2 - 2*l + 2. Let f be r(-4). Let m(a) = a - 1. Let n(g) = -4*g + 4. Let x(b) = f*m(b) - 2*n(b). What is the tens digit of x(7)?
1
Let w = 2 + 5. Suppose -l + w = -5. What is the units digit of l?
2
Suppose -1 = -5*c + 4. Suppose 5*w - 10 = 2*f, 3*f - c = 3*w + 2. Suppose 4*h - 2*r + w - 12 = 0, -4*r - 6 = -3*h. What is the units digit of h?
2
Suppose -2*j = -3*j - 10. Let w(a) = -a - 3 + 2 - 3. What is the units digit of w(j)?
6
Suppose -4*g - 5 = 35. What is the units digit of (72/30)/((-4)/g)?
6
Let p(l) = l**2 + 6*l - 5. Let w be p(-7). Let d(j) = -7*j. Let s be d(w). Let k = s + 21. What is the units digit of k?
7
Let n(l) = 3*l + 2*l**2 + 4*l - 3 - 4 - l**2. Let u(k) = -2*k**2 - 3*k + 1. Let i be u(-3). What is the units digit of n(i)?
1
Let i(m) be the first derivative of -m**2/2 + 9*m - 1. What is the units digit of i(0)?
9
Let s = 137 + -47. What is the tens digit of s?
9
Let k be (20/6)/((-4)/(-6)). Suppose 5 = -3*r + g - 1, 0 = 2*r + k*g - 13. What is the units digit of r + -1 + 6/1?
4
Let x be (2/4)/(1/6). Suppose 2*u = 3*l - 31 - 32, -63 = -x*l - u. What is the units digit of l?
1
Let j = -30 + 12. What is the units digit of 2/(-1*4/j)?
9
Let s = 106 + -33. Suppose 52 = 5*h - s. Suppose 5*j + 3*y - h = 0, 4*j - 2*y = -j + 25. What is the units digit of j?
5
Let l(a) = -13*a**3 - 47*a**2 + 8*a + 56. Let m(y) = 3*y**3 + 12*y**2 - 2*y - 14. Let j(n) = 2*l(n) + 9*m(n). What is the tens digit of j(-14)?
1
Let a(f) = -5*f**2 + 3. Let b be a(-4). Let y = b - -111. What is the units digit of y?
4
Let w(f) = -f + 8. Let c = 12 + -7. Let j be w(c). Suppose 0*g = j*g - 18. What is the units digit of g?
6
Let z(p) = p**3 + 4*p**2 + 4*p + 4. Let h be z(-3). Let x be (h - -5)/(15/(-20)). What is the units digit of (2/8)/((-2)/x)?
1
Let u = -16 + 31. Suppose -d = x - 30, 3*x + 2*d = 49 + 38. What is the units digit of (x/u)/((-2)/(-10))?
9
Let v(k) = -k**2 + 4*k + 5. Let i be v(4). Suppose i*r - 4*p + 2*p = 31, 0 = 4*r + 2*p - 32. What is the units digit of r?
7
What is the tens digit of ((-45)/(-6))/((-1)/(-6))?
4
Let s = 54 + 53. What is the units digit of s?
7
Let l(i) = -4*i**2 + 0*i**3 + 2*i + i**3 + 3 - i**2. Let s be l(4). Let t = s - -16. What is the tens digit of t?
1
Let x be 2/(-8) + 5/20. Let d(s) = s**2 + 6*s - 10. Let a(t) = t**2 + 5*t - 9. Let u(q) = -5*a(q) + 4*d(q). What is the units digit of u(x)?
5
Let r(z) = 6*z**3 + 19*z**2 - 25*z + 81. Let y(b) = -b**3 - 4*b**2 + 5*b - 16. Let s(d) = 2*r(d) + 11*y(d). What is the units digit of s(6)?
6
Let h(z) = 3*z**3 + 6*z**2 - 5. Let u(s) = 13*s**3 + 25*s**2 - 21. Let o(g) = 9*h(g) - 2*u(g). What is the units digit of o(-3)?
6
Let v = -53 + 82. What is the units digit of v?
9
Let d(z) = -2*z**2 + 2. Let v be d(2). What is the tens digit of (-86)/v + (-2)/(-3)?
1
Suppose -378 = -6*j - 0*j. What is the tens digit of j?
6
Let p(m) = 3*m + 3. Let s be p(-6). Let o = 34 + s. What is the tens digit of o?
1
Let x = 120 - 33. What is the units digit of x?
7
What is the tens digit of 4 - 11/((-22)/36)?
2
Let s = 5 + -2. Suppose -1 = 3*d - 7. Suppose -s*y + d + 10 = 0. What is the units digit of y?
4
Let u(r) = r + 3. Let g be u(5). Suppose 2*y - 2*n = -2*y + 88, 2*n = -g. What is the tens digit of y?
2
Let k = 3 + -3. Suppose k = -5*d + 5*c + 50, 3*c = -2*d + 2*c + 23. What is the units digit of d?
1
Let c = 152 - 10. What is the units digit of c?
2
What is the units digit of (-60)/48*(-26 - -2 - 0)?
0
Let o(r) = -r + 1 - 2*r - r**2 + 2*r. What is the units digit of o(0)?
1
Suppose -c + 3*m = 4*m - 250, 4*c = -2*m + 994. What is the units digit of c?
7
Let a = 28 - -4. What is the tens digit of a?
3
Let u(m) = 3*m**2 + 5*m + 3. Let l be u(-3). What is the units digit of ((-2)/(-6))/(5/l)?
1
Suppose -2*x + 292 = 2*x. What is the tens digit of x?
7
Let h(j) = -j**2 + 4*j - 3. Let v = 8 + -3. Let z be h(v). What is the units digit of ((-10)/z)/((-2)/(-8))?
5
Let q be (-1)/((15/(-9))/5). Suppose 2*d = -4*u + 6*d + 4, q*u = -2*d + 23. Let l = u + -4. What is the units digit of l?
1
Suppose 3*t - 12 = 6. Let s(m) = m**3 + 1 - 3 + t + 7*m**2. What is the units digit of s(-7)?
4
Let h be 8*-1 - -2*1. What is the units digit of 2*(-1 - 33/h)?
9
Suppose 0*m - 5*m + 29 = 3*p, 3*p - 23 = m. Let r = -6 + p. What is the units digit of r?
2
Suppose 0 = 2*z + 10, -4*o + 2*z = -22 - 8. What is the units digit of o?
5
Let b(h) = -2*h - 8. Let k be b(-4). Let l = k + 17. What is the units digit of l?
7
Let u = 118 + -73. What is the tens digit of u?
4
Let b be 2/(-5) + 408/20. Suppose 0 = p - b + 8. What is the units digit of p?
2
What is the tens digit of (-18)/(-117) + (-1790)/(-26)?
6
Let j = -11 - -16. What is the units digit of j?
5
Let x(r) be the first derivative of 2*r**2 - 7*r + 1. What is the tens digit of x(5)?
1
Let y = 5 + -1. What is the units digit of 1*y + (-7)/7?
3
Let q be (-1 + 0)/(1/1). Let a = 23 - q. What is the tens digit of a?
2
Suppose 4*w - a = 21, 2*w + 3*a - 6*a = 23. Suppose w*g - 10 = -g. What is the units digit of g?
2
Let f(z) be the first derivative of 3*z**2 + 4/3*z**3 - 1 - 1/4*z**4 - 4*z. What is the units digit of f(5)?
1
Let p = 1 - 0. Let t(q) = p - 4 - 4*q + 0 - 4. What is the units digit of t(-5)?
3
Suppose 0 = -3*v - v + 12. Suppose v*o + 0 = 6. What is the units digit of (o + -3)/(-2)*18?
9
What is the hundreds digit of (-8)/(-7 + 47) + 1032/10?
1
Suppose -4*n - 2*d + 4*d + 120 = 0, 0 = 4*n - 5*d - 132. Suppose o = -3*o + n. Suppose o = 4*l - 21. What is the units digit of l?
7
Let h(w) = w**3 - 5*w**2 + w - 7. What is the units digit of h(6)?
5
Let z = 50 - -5. What is the units digit of z?
5
Suppose -3*t - z = -36, -t - 46 = -6*t + 3*z. What is the tens digit of t?
1
Suppose 5*q = -23 + 73. Suppose -3*f = -2*f - q. What is the tens digit of f?
1
Let x = 172 - 89. What is the units digit of x?
3
Let r = 51 - 15. Suppose 5*j - 29 - r = 0. What is the units digit of j?
3
Let y(f) = -5 - 8*f + 4*f**2 + f**3 + 4*f**3 - 4*f**3. What is the tens digit of y(-5)?
1
Let y = 25 + -18. Let b = -18 - -31. Let i = b - y. What is the units digit of i?
6
Let d(k) = k**2 + 6*k - 3. Let q be d(-7). Suppose 0*h + q*h = 12. What is the units digit of h?
3
Let i = 6 - 4. Suppose b + i - 6 = 0, -2*x = -4*b. Let t = 2 + x. What is the tens digit of t?
1
Suppose 7*u - 2*u - 15 = 0. Suppose u*v + 109 = 5*s, -4*s + 97 - 20 = v. What is the units digit of s?
0
Let y(q) = 19*q - 4. Let g be y(4). Suppose -7*b - g = -10*b. What is the tens digit of b?
2
Suppose n - 3*n = -36. What is the units digit of n?
8
Let i(z) = z**3 + 4*z**2 + z - 5. Let h(c) = c**3 + 4*c**2 + c - 5. Let j(m) = 5*h(m) - 6*i(m). Let s be j(-4). Let y = s - 1. What is the units digit of y?
8
Let f be 37/13 + (-2)/(-13). Suppose f*j = 3*g + 27, 2*j + 22 = -3*g - 5. Let c = g + 13. What is the units digit of c?
4
Suppose -5*d = -10 - 20. Let p = d + -4. Suppose 4*t = -p*u + 3*u + 15, t = 5*u + 18. What is the units digit of t?
3
Let s be 0/((-6)/4*2). Let y be 42 - (-2 + s) - -1. What is the units digit of (-4)/(-18) - (-215)/y?
5
Let m = -3 - -7. Suppose -m*k = -38 - 22. Suppose w = 4*w - k. What is the units digit of w?
5
Suppose 0 = -f + 37 + 55. What is the tens digit of f?
9
What is the units digit of -2 + (-1 - -2) + 130 + 30?
9
Suppose t = 3*z - 29, 5*z = -2*t + 3*t + 47. What is the units digit of z?
9
Let m(n) be the first derivative of 3*n - n**2 + 4*n**2 + 1 - 2*n**2. What is the units digit of m(7)?
7
Suppose 4*w + u = 640, 4*w + w - 2*u = 813. What is the units digit of w?
1
Suppose -2*u = -2, p + 5*u + 2 - 12 = 0. Suppose -f + 4*z = -11, p*f - 